{"id":135,"date":"2024-03-12T20:40:23","date_gmt":"2024-03-12T19:40:23","guid":{"rendered":"http:\/\/brosmet.pl\/?post_type=product&#038;p=135"},"modified":"2024-05-18T14:42:05","modified_gmt":"2024-05-18T12:42:05","slug":"test-kopia-kopia-kopia-kopia-2","status":"publish","type":"product","link":"https:\/\/brosmet.pl\/?product=test-kopia-kopia-kopia-kopia-2","title":{"rendered":"Gi\u0119tarka do gi\u0119cia pr\u0119t\u00f3w, drutu, strzemion Model GRO-2, 6-14 mm"},"content":{"rendered":"<p>Gi\u0119tarka przeznaczona jest do gi\u0119cia pr\u0119t\u00f3w \u017cebrowanych do fi 12 mm oraz<br \/>\npr\u0119t\u00f3w g\u0142adkich do fi 14 mm<\/p>\n<p>Zakres gi\u0119cia:<br \/>\n-Gi\u0119cie w rowku pr\u0119t\u00f3w g\u0142adkich i \u017cebrowanych do \u00d8 10 mm<br \/>\n-Gi\u0119cie na wa\u0142ku z promieniem 25 mm pr\u0119t\u00f3w \u017cebrowanych do \u00d8 12 mm i pr\u0119t\u00f3w g\u0142adkich do \u00d8 14 mm<\/p>\n<p>-Rami\u0119 gn\u0105ce wykonane jest z rury o \u015brednicy \u00d8 33,7 x 3 mm<br \/>\n-Gi\u0119tarka posiada ogranicznik k\u0105ta gi\u0119cia<br \/>\n-Rami\u0119 zako\u0144czone r\u0119koje\u015bci\u0105 z tworzywa sztucznego<br \/>\n-G\u0142\u0119boko\u015b\u0107 rowka 25 mm, mo\u017cliwo\u015b\u0107 gi\u0119cia kilku pr\u0119t\u00f3w jednocze\u015bnie<br \/>\n-Gi\u0119tarka posiada regulowane ograniczniki d\u0142ugo\u015bci gi\u0119cia do strzemion kwadratowych i prostok\u0105tnych<br \/>\n-Malowana metod\u0105 proszkow\u0105<br \/>\n-Zaokr\u0105glona kraw\u0119d\u017a gn\u0105ca, kt\u00f3ra zapobiega kaleczeniu pr\u0119t\u00f3w<br \/>\n-Wyposa\u017cona we wk\u0142adk\u0119 redukuj\u0105c\u0105 szeroko\u015b\u0107 rowka do 8 mm<br \/>\n-Rdze\u0144 z rowkiem oraz rolka gn\u0105ca wykonana jest ze stali o podwy\u017cszonej wytrzyma\u0142o\u015bci<\/p>\n<p>Wyposa\u017cenie gi\u0119tarki:<br \/>\n-Ogranicznik k\u0105ta gi\u0119cia<br \/>\n-Regulowane ograniczniki d\u0142ugo\u015bci gi\u0119tego pr\u0119ta<br \/>\n-Wk\u0142adka redukuj\u0105ca szeroko\u015b\u0107 rowka do 8 mm<\/p>\n","protected":false},"excerpt":{"rendered":"<p>Gi\u0119tarka przeznaczona jest do gi\u0119cia pr\u0119t\u00f3w \u017cebrowanych do fi 12 mm oraz pr\u0119t\u00f3w g\u0142adkich do fi 14 mm Zakres gi\u0119cia: -Gi\u0119cie w rowku pr\u0119t\u00f3w g\u0142adkich i \u017cebrowanych do \u00d8 10 mm -Gi\u0119cie na wa\u0142ku z promieniem 25 mm pr\u0119t\u00f3w \u017cebrowanych do \u00d8 12 mm i pr\u0119t\u00f3w g\u0142adkich do \u00d8 14 mm -Rami\u0119 gn\u0105ce wykonane jest [&#8230;]\n","protected":false},"featured_media":454,"comment_status":"closed","ping_status":"closed","template":"","meta":{"_monsterinsights_skip_tracking":false,"_monsterinsights_sitenote_active":false,"_monsterinsights_sitenote_note":"","_monsterinsights_sitenote_category":0},"product_brand":[],"product_cat":[33],"product_tag":[],"class_list":{"0":"post-135","1":"product","2":"type-product","3":"status-publish","4":"has-post-thumbnail","6":"product_cat-gietarki-do-pretow","8":"first","9":"instock","10":"shipping-taxable","11":"purchasable","12":"product-type-simple"},"_links":{"self":[{"href":"https:\/\/brosmet.pl\/index.php?rest_route=\/wp\/v2\/product\/135","targetHints":{"allow":["GET"]}}],"collection":[{"href":"https:\/\/brosmet.pl\/index.php?rest_route=\/wp\/v2\/product"}],"about":[{"href":"https:\/\/brosmet.pl\/index.php?rest_route=\/wp\/v2\/types\/product"}],"replies":[{"embeddable":true,"href":"https:\/\/brosmet.pl\/index.php?rest_route=%2Fwp%2Fv2%2Fcomments&post=135"}],"wp:featuredmedia":[{"embeddable":true,"href":"https:\/\/brosmet.pl\/index.php?rest_route=\/wp\/v2\/media\/454"}],"wp:attachment":[{"href":"https:\/\/brosmet.pl\/index.php?rest_route=%2Fwp%2Fv2%2Fmedia&parent=135"}],"wp:term":[{"taxonomy":"product_brand","embeddable":true,"href":"https:\/\/brosmet.pl\/index.php?rest_route=%2Fwp%2Fv2%2Fproduct_brand&post=135"},{"taxonomy":"product_cat","embeddable":true,"href":"https:\/\/brosmet.pl\/index.php?rest_route=%2Fwp%2Fv2%2Fproduct_cat&post=135"},{"taxonomy":"product_tag","embeddable":true,"href":"https:\/\/brosmet.pl\/index.php?rest_route=%2Fwp%2Fv2%2Fproduct_tag&post=135"}],"curies":[{"name":"wp","href":"https:\/\/api.w.org\/{rel}","templated":true}]}}