{"id":614,"date":"2024-05-29T14:27:22","date_gmt":"2024-05-29T12:27:22","guid":{"rendered":"http:\/\/brosmet.pl\/?post_type=product&#038;p=614"},"modified":"2025-08-07T11:00:09","modified_gmt":"2025-08-07T09:00:09","slug":"klucz-do-wiazania-zbrojenia-drutu-kdw-1-lozyskowany-niebieski","status":"publish","type":"product","link":"https:\/\/brosmet.pl\/?product=klucz-do-wiazania-zbrojenia-drutu-kdw-1-lozyskowany-niebieski","title":{"rendered":"Klucz do wi\u0105zania zbrojenia drutu KDW-1 \u0142o\u017cyskowany niebieski"},"content":{"rendered":"<div class=\"tab-panels\">\n<div id=\"tab-description\" class=\"woocommerce-Tabs-panel woocommerce-Tabs-panel--description panel entry-content active\" role=\"tabpanel\" aria-labelledby=\"tab-title-description\">\n<div class=\"tab-panels\">\n<div id=\"tab-description\" class=\"woocommerce-Tabs-panel woocommerce-Tabs-panel--description panel entry-content active\" role=\"tabpanel\" aria-labelledby=\"tab-title-description\">\n<div class=\"tab-panels\">\n<div id=\"tab-description\" class=\"woocommerce-Tabs-panel woocommerce-Tabs-panel--description panel entry-content active\" role=\"tabpanel\" aria-labelledby=\"tab-title-description\">\n<div class=\"mp4t_16_s mryx_16_s mr3m_1 mli2_1 mh85_56 mh85_0_l\">\n<div class=\"mgn2_16 _0d3bd_am0a-\">\n<p><b>Klucz r\u0119czny z podw\u00f3jnym \u0142o\u017cyskowaniem i komfortow\u0105 r\u0105czk\u0105 PCV do wi\u0105zania zbrojenia.<\/b><\/p>\n<p>Model: KDW-1 niebieski<\/p>\n<p>Dzi\u0119ki podw\u00f3jnemu \u0142o\u017cyskowaniu, klucz r\u0119czny jest nie tylko niezawodny, ale tak\u017ce zapewnia wygod\u0119 u\u017cytkowania przez d\u0142ugi czas.<\/p>\n<p>Doskonale wsp\u00f3\u0142pracuje z tradycyjnym drutem wi\u0105za\u0142kowym oraz drutem oczkowym, gwarantuj\u0105c szybko\u015b\u0107 i precyzj\u0119 w pracy.<\/p>\n<p>Zapewnia wyj\u0105tkow\u0105 efektywno\u015b\u0107 podczas procesu \u0142\u0105czenia r\u00f3\u017cnorodnych element\u00f3w zbrojeniowych.<\/p>\n<\/div>\n<\/div>\n<\/div>\n<\/div>\n<\/div>\n<\/div>\n<\/div>\n<\/div>\n","protected":false},"excerpt":{"rendered":"<p>Klucz r\u0119czny z podw\u00f3jnym \u0142o\u017cyskowaniem i komfortow\u0105 r\u0105czk\u0105 PCV do wi\u0105zania zbrojenia. Model: KDW-1 niebieski Dzi\u0119ki podw\u00f3jnemu \u0142o\u017cyskowaniu, klucz r\u0119czny jest nie tylko niezawodny, ale tak\u017ce zapewnia wygod\u0119 u\u017cytkowania przez d\u0142ugi czas. Doskonale wsp\u00f3\u0142pracuje z tradycyjnym drutem wi\u0105za\u0142kowym oraz drutem oczkowym, gwarantuj\u0105c szybko\u015b\u0107 i precyzj\u0119 w pracy. Zapewnia wyj\u0105tkow\u0105 efektywno\u015b\u0107 podczas procesu \u0142\u0105czenia r\u00f3\u017cnorodnych element\u00f3w [&#8230;]\n","protected":false},"featured_media":609,"comment_status":"closed","ping_status":"closed","template":"","meta":{"_monsterinsights_skip_tracking":false,"_monsterinsights_sitenote_active":false,"_monsterinsights_sitenote_note":"","_monsterinsights_sitenote_category":0},"product_brand":[],"product_cat":[39],"product_tag":[],"class_list":{"0":"post-614","1":"product","2":"type-product","3":"status-publish","4":"has-post-thumbnail","6":"product_cat-klucze-do-wiazania-zbrojenia","8":"first","9":"instock","10":"shipping-taxable","11":"purchasable","12":"product-type-simple"},"_links":{"self":[{"href":"https:\/\/brosmet.pl\/index.php?rest_route=\/wp\/v2\/product\/614","targetHints":{"allow":["GET"]}}],"collection":[{"href":"https:\/\/brosmet.pl\/index.php?rest_route=\/wp\/v2\/product"}],"about":[{"href":"https:\/\/brosmet.pl\/index.php?rest_route=\/wp\/v2\/types\/product"}],"replies":[{"embeddable":true,"href":"https:\/\/brosmet.pl\/index.php?rest_route=%2Fwp%2Fv2%2Fcomments&post=614"}],"wp:featuredmedia":[{"embeddable":true,"href":"https:\/\/brosmet.pl\/index.php?rest_route=\/wp\/v2\/media\/609"}],"wp:attachment":[{"href":"https:\/\/brosmet.pl\/index.php?rest_route=%2Fwp%2Fv2%2Fmedia&parent=614"}],"wp:term":[{"taxonomy":"product_brand","embeddable":true,"href":"https:\/\/brosmet.pl\/index.php?rest_route=%2Fwp%2Fv2%2Fproduct_brand&post=614"},{"taxonomy":"product_cat","embeddable":true,"href":"https:\/\/brosmet.pl\/index.php?rest_route=%2Fwp%2Fv2%2Fproduct_cat&post=614"},{"taxonomy":"product_tag","embeddable":true,"href":"https:\/\/brosmet.pl\/index.php?rest_route=%2Fwp%2Fv2%2Fproduct_tag&post=614"}],"curies":[{"name":"wp","href":"https:\/\/api.w.org\/{rel}","templated":true}]}}