{"id":624,"date":"2024-05-29T14:51:49","date_gmt":"2024-05-29T12:51:49","guid":{"rendered":"http:\/\/brosmet.pl\/?post_type=product&#038;p=624"},"modified":"2024-05-29T14:51:49","modified_gmt":"2024-05-29T12:51:49","slug":"wyrywacz-do-lat-desek-palet-paneli","status":"publish","type":"product","link":"https:\/\/brosmet.pl\/?product=wyrywacz-do-lat-desek-palet-paneli","title":{"rendered":"Wyrywacz do \u0142at, desek, palet, paneli"},"content":{"rendered":"<div class=\"mp4t_16_s mryx_16_s mr3m_1 mli2_1 mh85_56 mh85_0_l\">\n<div class=\"mgn2_16 _0d3bd_am0a-\">\n<p><b>Wyrywacz do \u0142at, desek, palet, paneli<\/b><\/p>\n<p><b>Dzia\u0142a na zasadzie wykorzystania mechanizmu d\u017awigni, co u\u0142atwia wygodne i efektywne usuwanie element\u00f3w z konstrukcji drewnianej w spos\u00f3b niewymagaj\u0105cy du\u017cego wysi\u0142ku.<\/b><\/p>\n<p><b>Model WD 750<\/b><\/p>\n<p><b>\u2705<\/b> solidna stalowa spawana konstrukcja<\/p>\n<p><b>\u2705<\/b> d\u0142ugo\u015b\u0107 ca\u0142kowita 75 cm<\/p>\n<p><b>\u2705<\/b> wyposa\u017cony w otwory do usuwania gwo\u017adzi o r\u00f3\u017cnych \u015brednicach<\/p>\n<p><b>\u2705<\/b> lakierowany proszkowo<\/p>\n<p><b>\u2705<\/b> posiada r\u0119koje\u015b\u0107 z tworzywa<\/p>\n<p><b>\u2705<\/b> specjalne z\u0105bkowanie wyrywacza zapewnia pewny chwyt drewna<\/p>\n<p><b>\u2705<\/b> niezast\u0105piony do prac rozbi\u00f3rkowych w dekarstwie i remontach<\/p>\n<\/div>\n<\/div>\n","protected":false},"excerpt":{"rendered":"<p>Wyrywacz do \u0142at, desek, palet, paneli Dzia\u0142a na zasadzie wykorzystania mechanizmu d\u017awigni, co u\u0142atwia wygodne i efektywne usuwanie element\u00f3w z konstrukcji drewnianej w spos\u00f3b niewymagaj\u0105cy du\u017cego wysi\u0142ku. Model WD 750 \u2705 solidna stalowa spawana konstrukcja \u2705 d\u0142ugo\u015b\u0107 ca\u0142kowita 75 cm \u2705 wyposa\u017cony w otwory do usuwania gwo\u017adzi o r\u00f3\u017cnych \u015brednicach \u2705 lakierowany proszkowo \u2705 posiada [&#8230;]\n","protected":false},"featured_media":625,"comment_status":"closed","ping_status":"closed","template":"","meta":{"_monsterinsights_skip_tracking":false,"_monsterinsights_sitenote_active":false,"_monsterinsights_sitenote_note":"","_monsterinsights_sitenote_category":0},"product_brand":[],"product_cat":[44],"product_tag":[],"class_list":{"0":"post-624","1":"product","2":"type-product","3":"status-publish","4":"has-post-thumbnail","6":"product_cat-wyrywacze-do-lat","8":"first","9":"instock","10":"shipping-taxable","11":"purchasable","12":"product-type-simple"},"_links":{"self":[{"href":"https:\/\/brosmet.pl\/index.php?rest_route=\/wp\/v2\/product\/624","targetHints":{"allow":["GET"]}}],"collection":[{"href":"https:\/\/brosmet.pl\/index.php?rest_route=\/wp\/v2\/product"}],"about":[{"href":"https:\/\/brosmet.pl\/index.php?rest_route=\/wp\/v2\/types\/product"}],"replies":[{"embeddable":true,"href":"https:\/\/brosmet.pl\/index.php?rest_route=%2Fwp%2Fv2%2Fcomments&post=624"}],"wp:featuredmedia":[{"embeddable":true,"href":"https:\/\/brosmet.pl\/index.php?rest_route=\/wp\/v2\/media\/625"}],"wp:attachment":[{"href":"https:\/\/brosmet.pl\/index.php?rest_route=%2Fwp%2Fv2%2Fmedia&parent=624"}],"wp:term":[{"taxonomy":"product_brand","embeddable":true,"href":"https:\/\/brosmet.pl\/index.php?rest_route=%2Fwp%2Fv2%2Fproduct_brand&post=624"},{"taxonomy":"product_cat","embeddable":true,"href":"https:\/\/brosmet.pl\/index.php?rest_route=%2Fwp%2Fv2%2Fproduct_cat&post=624"},{"taxonomy":"product_tag","embeddable":true,"href":"https:\/\/brosmet.pl\/index.php?rest_route=%2Fwp%2Fv2%2Fproduct_tag&post=624"}],"curies":[{"name":"wp","href":"https:\/\/api.w.org\/{rel}","templated":true}]}}